{"id":175,"date":"2015-05-14T09:46:07","date_gmt":"2015-05-14T13:46:07","guid":{"rendered":"http:\/\/demos.volovar.net\/townpress.wp\/demo\/?page_id=175"},"modified":"2016-04-19T11:18:29","modified_gmt":"2016-04-19T09:18:29","slug":"home-1","status":"publish","type":"page","link":"https:\/\/olovo.gov.ba","title":{"rendered":"Naslovna"},"content":{"rendered":"<p>[vc_row][vc_column]<div class=\"c-directory m-has-icon m-3-columns\"><div class=\"c-content-box\"><div class=\"directory-inner\"><i class=\"ico-shadow tp tp-road-sign\"><\/i><h2 class=\"directory-title\"><i class=\"ico tp tp-road-sign\"><\/i>Odaberite <strong>Va\u0161e interesovanje<\/strong><\/h2><div class=\"directory-content\"><div class=\"menu-glavni-meni-container\"><ul id=\"menu-glavni-meni\" class=\"directory-menu\"><li id=\"menu-item-215\" class=\"menu-item menu-item-type-post_type menu-item-object-page menu-item-home menu-item-215\"><a href=\"https:\/\/olovo.gov.ba\">Naslovna<\/a><\/li>\n<li id=\"menu-item-308\" class=\"menu-item menu-item-type-post_type menu-item-object-page menu-item-has-children menu-item-308\"><a href=\"https:\/\/olovo.gov.ba?page_id=290\">O Op\u0107ini<\/a>\n<ul class=\"sub-menu\">\n\t<li id=\"menu-item-309\" class=\"menu-item menu-item-type-post_type menu-item-object-page menu-item-309\"><a href=\"https:\/\/olovo.gov.ba?page_id=290\">O Olovu<\/a><\/li>\n\t<li id=\"menu-item-310\" class=\"menu-item menu-item-type-post_type menu-item-object-page menu-item-310\"><a href=\"https:\/\/olovo.gov.ba?page_id=292\">Historija<\/a><\/li>\n\t<li id=\"menu-item-311\" class=\"menu-item menu-item-type-post_type menu-item-object-page menu-item-311\"><a href=\"https:\/\/olovo.gov.ba?page_id=294\">Turizam<\/a><\/li>\n\t<li id=\"menu-item-312\" class=\"menu-item menu-item-type-post_type menu-item-object-page menu-item-312\"><a href=\"https:\/\/olovo.gov.ba?page_id=296\">Privreda<\/a><\/li>\n\t<li id=\"menu-item-313\" class=\"menu-item menu-item-type-post_type menu-item-object-page menu-item-313\"><a href=\"https:\/\/olovo.gov.ba?page_id=300\">Prirodni resursi<\/a><\/li>\n\t<li id=\"menu-item-314\" class=\"menu-item menu-item-type-post_type menu-item-object-page menu-item-314\"><a href=\"https:\/\/olovo.gov.ba?page_id=302\">Stanovni\u0161tvo<\/a><\/li>\n<\/ul>\n<\/li>\n<li id=\"menu-item-432\" class=\"menu-item menu-item-type-post_type menu-item-object-page menu-item-has-children menu-item-432\"><a href=\"https:\/\/olovo.gov.ba?page_id=410\">Op\u0107inska uprava<\/a>\n<ul class=\"sub-menu\">\n\t<li id=\"menu-item-433\" class=\"menu-item menu-item-type-post_type menu-item-object-page menu-item-433\"><a href=\"https:\/\/olovo.gov.ba?page_id=410\">Op\u0107inski na\u010delnik<\/a><\/li>\n\t<li id=\"menu-item-440\" class=\"menu-item menu-item-type-post_type menu-item-object-page menu-item-440\"><a href=\"https:\/\/olovo.gov.ba?page_id=435\">Op\u0107inske slu\u017ebe<\/a><\/li>\n\t<li id=\"menu-item-434\" class=\"menu-item menu-item-type-post_type menu-item-object-page menu-item-434\"><a href=\"https:\/\/olovo.gov.ba?page_id=423\">Op\u0107insko vije\u0107e<\/a><\/li>\n\t<li id=\"menu-item-449\" class=\"menu-item menu-item-type-post_type menu-item-object-page menu-item-449\"><a href=\"https:\/\/olovo.gov.ba?page_id=447\">Op\u0107inske komisije<\/a><\/li>\n\t<li id=\"menu-item-565\" class=\"menu-item menu-item-type-post_type menu-item-object-page menu-item-565\"><a href=\"https:\/\/olovo.gov.ba?page_id=563\">Op\u0107inski na\u010delnici do danas<\/a><\/li>\n<\/ul>\n<\/li>\n<li id=\"menu-item-569\" class=\"menu-item menu-item-type-post_type menu-item-object-page menu-item-569\"><a href=\"https:\/\/olovo.gov.ba?page_id=567\">Projekti<\/a><\/li>\n<li id=\"menu-item-570\" class=\"menu-item menu-item-type-taxonomy menu-item-object-category menu-item-has-children menu-item-570\"><a href=\"https:\/\/olovo.gov.ba\/?cat=60\">Servis<\/a>\n<ul class=\"sub-menu\">\n\t<li id=\"menu-item-571\" class=\"menu-item menu-item-type-taxonomy menu-item-object-category menu-item-571\"><a href=\"https:\/\/olovo.gov.ba\/?cat=60\">Javne nabavke<\/a><\/li>\n\t<li id=\"menu-item-573\" class=\"menu-item menu-item-type-taxonomy menu-item-object-category menu-item-573\"><a href=\"https:\/\/olovo.gov.ba\/?cat=61\">Javni oglasi<\/a><\/li>\n\t<li id=\"menu-item-572\" class=\"menu-item menu-item-type-taxonomy menu-item-object-category menu-item-572\"><a href=\"https:\/\/olovo.gov.ba\/?cat=62\">Javni konkursi<\/a><\/li>\n\t<li id=\"menu-item-575\" class=\"menu-item menu-item-type-taxonomy menu-item-object-category menu-item-575\"><a href=\"https:\/\/olovo.gov.ba\/?cat=63\">Javni tenderi<\/a><\/li>\n\t<li id=\"menu-item-574\" class=\"menu-item menu-item-type-taxonomy menu-item-object-category menu-item-574\"><a href=\"https:\/\/olovo.gov.ba\/?cat=64\">Javni pozivi<\/a><\/li>\n<\/ul>\n<\/li>\n<li id=\"menu-item-576\" class=\"menu-item menu-item-type-custom menu-item-object-custom menu-item-has-children menu-item-576\"><a href=\"#\">Infodesk<\/a>\n<ul class=\"sub-menu\">\n\t<li id=\"menu-item-577\" class=\"menu-item menu-item-type-custom menu-item-object-custom menu-item-577\"><a href=\"http:\/\/olovo.gov.ba\/kategorija-dokumenta\/elektronski-formulari\/\">E-obrasci<\/a><\/li>\n\t<li id=\"menu-item-1127\" class=\"menu-item menu-item-type-custom menu-item-object-custom menu-item-1127\"><a href=\"http:\/\/olovo.gov.ba\/dokumenti\/zahtjev-za-izdavanje-odobrenja-za-gradenje\/\">Odobrenje za gradnju<\/a><\/li>\n\t<li id=\"menu-item-586\" class=\"menu-item menu-item-type-post_type menu-item-object-page menu-item-586\"><a href=\"https:\/\/olovo.gov.ba?page_id=580\">Urbanisti\u010dka saglasnost<\/a><\/li>\n\t<li id=\"menu-item-585\" class=\"menu-item menu-item-type-post_type menu-item-object-page menu-item-585\"><a href=\"https:\/\/olovo.gov.ba?page_id=583\">E-zahtjevi<\/a><\/li>\n<\/ul>\n<\/li>\n<li id=\"menu-item-588\" class=\"menu-item menu-item-type-taxonomy menu-item-object-category menu-item-588\"><a href=\"https:\/\/olovo.gov.ba\/?cat=66\">Press<\/a><\/li>\n<li id=\"menu-item-636\" class=\"menu-item menu-item-type-custom menu-item-object-custom menu-item-has-children menu-item-636\"><a href=\"#\">Multimedia<\/a>\n<ul class=\"sub-menu\">\n\t<li id=\"menu-item-637\" class=\"menu-item menu-item-type-post_type_archive menu-item-object-lsvrgallery menu-item-637\"><a href=\"https:\/\/olovo.gov.ba\/?post_type=lsvrgallery\">Galerije<\/a><\/li>\n\t<li id=\"menu-item-641\" class=\"menu-item menu-item-type-post_type menu-item-object-page menu-item-641\"><a href=\"https:\/\/olovo.gov.ba?page_id=639\">Video zapisi<\/a><\/li>\n<\/ul>\n<\/li>\n<li id=\"menu-item-216\" class=\"menu-item menu-item-type-post_type menu-item-object-page menu-item-216\"><a href=\"https:\/\/olovo.gov.ba?page_id=189\">Kontakt<\/a><\/li>\n<\/ul><\/div><\/div><\/div><\/div><\/div><div class=\"c-article-list m-has-icon m-has-featured\"><div class=\"c-content-box\"><div class=\"article-list-inner\"><i class=\"ico-shadow tp tp-reading\"><\/i><h2 class=\"article-list-title\"><i class=\"ico tp tp-reading\"><\/i><a href=\"https:\/\/olovo.gov.ba?page_id=173\">Najnovije <strong>Vijesti - Aktuelnosti<\/strong><\/a><\/h2><div class=\"article-list-content\"><article class=\"featured-article m-has-thumb\"><div class=\"article-image\"><a href=\"https:\/\/olovo.gov.ba?p=8679\" style=\"background-image: url('https:\/\/olovo.gov.ba\/wp-content\/uploads\/2026\/05\/1.webp')\"><\/a><\/div><div class=\"article-core\"><h3 class=\"article-title\"><a href=\"https:\/\/olovo.gov.ba?p=8679\">Bud\u017eet za gra\u0111ane Op\u0107ine Olovo za 2026.godinu<\/a><\/h3><div class=\"article-date\"><i class=\"ico tp tp-clock2\"><\/i>6. Maja 2026.<\/div><div class=\"article-excerpt\"><p>Cilj ovog dokumenta je pove\u0107ati transparentnost, olak\u0161ati razumijevanje bud\u017eetskih pojmova te omogu\u0107iti uvid u to kako se novac izdvaja za projekte, usluge i potrebe lokalne zajednice.<\/p>\n<\/div><\/div><\/article><article class=\"brief-article\"><h3 class=\"article-title\"><a href=\"https:\/\/olovo.gov.ba?p=8603\">Zajedno za ljep\u0161e i ure\u0111enije Olovo &#8211; primjer odgovornosti i zajedni\u010dkog djelovanja<\/a><\/h3><div class=\"article-date\">6. Maja 2026.<\/div><\/article><article class=\"brief-article\"><h3 class=\"article-title\"><a href=\"https:\/\/olovo.gov.ba?p=8492\">Potpisan Sporazum o elektrifikaciji povratni\u010dkih naselja u Olovu<\/a><\/h3><div class=\"article-date\">5. Maja 2026.<\/div><\/article><article class=\"brief-article\"><h3 class=\"article-title\"><a href=\"https:\/\/olovo.gov.ba?p=8454\">Ja\u010danje lokalne infrastrukture kao temelj razvoja Op\u0107ine Olovo: Sanacija putnog pravca Musi\u0107i &#8211; Klecala<\/a><\/h3><div class=\"article-date\">28. Aprila 2026.<\/div><\/article><article class=\"brief-article\"><h3 class=\"article-title\"><a href=\"https:\/\/olovo.gov.ba?p=8449\">ODLUKA o  dodjeli sredstava po Javnom pozivu organizacijama civilnog dru\u0161tva\/nevladinim organizacijama za predaju prijedloga projekata koje \u0107e finansirati\/sufinansirati Op\u0107ina Olovo u 2026.godini<\/a><\/h3><div class=\"article-date\">22. Aprila 2026.<\/div><\/article><p class=\"more-btn-holder\"><a href=\"https:\/\/olovo.gov.ba?page_id=173\">Pro\u010ditajte sve vijesti<\/a><\/p><\/div><\/div><\/div><\/div>[\/vc_column][\/vc_row]<\/p>\n","protected":false},"excerpt":{"rendered":"<p>[vc_row][vc_column][\/vc_column][\/vc_row]<\/p>\n","protected":false},"author":1,"featured_media":0,"parent":0,"menu_order":0,"comment_status":"closed","ping_status":"closed","template":"","meta":[],"_links":{"self":[{"href":"https:\/\/olovo.gov.ba\/index.php?rest_route=\/wp\/v2\/pages\/175"}],"collection":[{"href":"https:\/\/olovo.gov.ba\/index.php?rest_route=\/wp\/v2\/pages"}],"about":[{"href":"https:\/\/olovo.gov.ba\/index.php?rest_route=\/wp\/v2\/types\/page"}],"author":[{"embeddable":true,"href":"https:\/\/olovo.gov.ba\/index.php?rest_route=\/wp\/v2\/users\/1"}],"replies":[{"embeddable":true,"href":"https:\/\/olovo.gov.ba\/index.php?rest_route=%2Fwp%2Fv2%2Fcomments&post=175"}],"version-history":[{"count":3,"href":"https:\/\/olovo.gov.ba\/index.php?rest_route=\/wp\/v2\/pages\/175\/revisions"}],"predecessor-version":[{"id":342,"href":"https:\/\/olovo.gov.ba\/index.php?rest_route=\/wp\/v2\/pages\/175\/revisions\/342"}],"wp:attachment":[{"href":"https:\/\/olovo.gov.ba\/index.php?rest_route=%2Fwp%2Fv2%2Fmedia&parent=175"}],"curies":[{"name":"wp","href":"https:\/\/api.w.org\/{rel}","templated":true}]}}