{"id":189,"date":"2015-05-14T11:47:13","date_gmt":"2015-05-14T15:47:13","guid":{"rendered":"http:\/\/demos.volovar.net\/townpress.wp\/demo\/?page_id=189"},"modified":"2024-12-09T09:30:55","modified_gmt":"2024-12-09T08:30:55","slug":"kontakt","status":"publish","type":"page","link":"https:\/\/olovo.gov.ba?page_id=189","title":{"rendered":"Kontakt"},"content":{"rendered":"<p>[vc_row][vc_column width=&#8221;1\/2&#8243;]<div class=\"c-team-member\"><div class=\"c-content-box\"><div class=\"team-member-inner\"><h3 class=\"member-name\">Na\u010delnik<\/h3><div class=\"member-description\"><p>Telefon: 032\/829-540<br \/>\nFaks: 032\/829-568<br \/>\nEmail: <a href=\"#\">nacelnik@olovo.gov.ba<\/a><\/p>\n<\/div><\/div><\/div><\/div>[\/vc_column][vc_column width=&#8221;1\/2&#8243;]<div class=\"c-team-member\"><div class=\"c-content-box\"><div class=\"team-member-inner\"><h3 class=\"member-name\">Op\u0107insko vije\u0107e<\/h3><div class=\"member-description\"><p>Telefon: 032\/829-566<br \/>\nFaks: 032\/829-568<br \/>\nEmail: <a href=\"#\">opcinsko.vijece@olovo.gov.ba<\/a><\/p>\n<\/div><\/div><\/div><\/div>[\/vc_column][\/vc_row][vc_row][vc_column width=&#8221;1\/2&#8243;]<div class=\"c-team-member\"><div class=\"c-content-box\"><div class=\"team-member-inner\"><h3 class=\"member-name\">Slu\u017eba za op\u0107u upravu i dru\u0161tvene djelatnosti<\/h3><div class=\"member-description\"><p>Telefon: 032\/829-566<br \/>\nFaks: 032\/829-568<br \/>\nEmail: <a href=\"#\">opca.uprava@olovo.gov.ba<\/a><\/p>\n<\/div><\/div><\/div><\/div>[\/vc_column][vc_column width=&#8221;1\/2&#8243;]<div class=\"c-team-member\"><div class=\"c-content-box\"><div class=\"team-member-inner\"><h3 class=\"member-name\">Slu\u017eba za ekonomske poslove<\/h3><div class=\"member-description\"><p>Telefon: 032\/829-567<br \/>\nFaks: 032\/829-568<br \/>\nEmail: <a href=\"#\">privreda@olovo.gov.ba<\/a><\/p>\n<\/div><\/div><\/div><\/div>[\/vc_column][\/vc_row][vc_row][vc_column width=&#8221;1\/2&#8243;]<div class=\"c-team-member\"><div class=\"c-content-box\"><div class=\"team-member-inner\"><h3 class=\"member-name\">Slu\u017eba civilne za\u0161tite<\/h3><div class=\"member-description\"><p>Telefon: 032\/829-565<br \/>\nFaks: 032\/829-568<br \/>\nEmail: <a href=\"#\">civilna@olovo.gov.ba<\/a><\/p>\n<\/div><\/div><\/div><\/div>[\/vc_column][vc_column width=&#8221;1\/2&#8243;]<div class=\"c-team-member\"><div class=\"c-content-box\"><div class=\"team-member-inner\"><h3 class=\"member-name\">Katastar<\/h3><div class=\"member-description\"><p>Telefon: 032\/829-545<br \/>\nFaks: 032\/829-568<br \/>\nEmail: <a href=\"#\">katastar@olovo.gov.ba<\/a><\/p>\n<\/div><\/div><\/div><\/div>[\/vc_column][\/vc_row][vc_row][vc_column width=&#8221;1\/2&#8243;]<div class=\"c-team-member\"><div class=\"c-content-box\"><div class=\"team-member-inner\"><h3 class=\"member-name\">Inspekcija<\/h3><div class=\"member-description\"><p>Telefon: 032\/829-547<br \/>\nFaks: 032\/829-568<br \/>\nEmail: <a href=\"#\">inspekcija@olovo.gov.ba<\/a><\/p>\n<\/div><\/div><\/div><\/div>[\/vc_column][vc_column width=&#8221;1\/2&#8243;]<div class=\"c-team-member\"><div class=\"c-content-box\"><div class=\"team-member-inner\"><h3 class=\"member-name\">Administrator<\/h3><div class=\"member-description\"><p>Telefon: 032\/829-555<br \/>\nFaks: 032\/829-568<br \/>\nEmail: <a href=\"#\">administrator@olovo.gov.ba<\/a><\/p>\n<\/div><\/div><\/div><\/div>[\/vc_column][\/vc_row]<\/p>\n","protected":false},"excerpt":{"rendered":"<p>[vc_row][vc_column width=&#8221;1\/2&#8243;][\/vc_column][vc_column width=&#8221;1\/2&#8243;][\/vc_column][\/vc_row][vc_row][vc_column width=&#8221;1\/2&#8243;][\/vc_column][vc_column width=&#8221;1\/2&#8243;][\/vc_column][\/vc_row][vc_row][vc_column width=&#8221;1\/2&#8243;][\/vc_column][vc_column width=&#8221;1\/2&#8243;][\/vc_column][\/vc_row][vc_row][vc_column width=&#8221;1\/2&#8243;][\/vc_column][vc_column width=&#8221;1\/2&#8243;][\/vc_column][\/vc_row]<\/p>\n","protected":false},"author":1,"featured_media":0,"parent":0,"menu_order":0,"comment_status":"closed","ping_status":"closed","template":"","meta":[],"_links":{"self":[{"href":"https:\/\/olovo.gov.ba\/index.php?rest_route=\/wp\/v2\/pages\/189"}],"collection":[{"href":"https:\/\/olovo.gov.ba\/index.php?rest_route=\/wp\/v2\/pages"}],"about":[{"href":"https:\/\/olovo.gov.ba\/index.php?rest_route=\/wp\/v2\/types\/page"}],"author":[{"embeddable":true,"href":"https:\/\/olovo.gov.ba\/index.php?rest_route=\/wp\/v2\/users\/1"}],"replies":[{"embeddable":true,"href":"https:\/\/olovo.gov.ba\/index.php?rest_route=%2Fwp%2Fv2%2Fcomments&post=189"}],"version-history":[{"count":10,"href":"https:\/\/olovo.gov.ba\/index.php?rest_route=\/wp\/v2\/pages\/189\/revisions"}],"predecessor-version":[{"id":6185,"href":"https:\/\/olovo.gov.ba\/index.php?rest_route=\/wp\/v2\/pages\/189\/revisions\/6185"}],"wp:attachment":[{"href":"https:\/\/olovo.gov.ba\/index.php?rest_route=%2Fwp%2Fv2%2Fmedia&parent=189"}],"curies":[{"name":"wp","href":"https:\/\/api.w.org\/{rel}","templated":true}]}}