{"id":410,"date":"2016-04-20T10:40:32","date_gmt":"2016-04-20T08:40:32","guid":{"rendered":"http:\/\/olovo.gov.ba\/?page_id=410"},"modified":"2016-07-19T11:31:46","modified_gmt":"2016-07-19T09:31:46","slug":"opcinski-nacelnik","status":"publish","type":"page","link":"https:\/\/olovo.gov.ba?page_id=410","title":{"rendered":"Op\u0107inski na\u010delnik"},"content":{"rendered":"<p>[vc_row][vc_column][vc_single_image image=&#8221;414&#8243; img_size=&#8221;medium&#8221; alignment=&#8221;center&#8221; style=&#8221;vc_box_rounded&#8221;]<div class=\"c-team-member\"><div class=\"c-content-box\"><div class=\"team-member-inner\"><h3 class=\"member-name\">\u0110emal Memagi\u0107<\/h3><h4 class=\"member-role\">Na\u010delnik<\/h4><div class=\"member-description\"><p>Ro\u0111en sam 02.09.1955.godine u mjestu Memagi\u0107a Stijena, op\u0107ina Olovo, sin Rasima i Esme Memagi\u0107 ro\u0111ene, Degirmend\u017ei\u0107. O\u017eenjen sam, otac sam dvoje djece (sina Rasima i k\u0107erke Sedine), od kojih imam dvije unuke, jednu od sina, a drugu od k\u0107erke. Osniva\u010d sam i vlasnik firme &#8220;Alma-Ras&#8221; d.o.o. Olovo. Supruga, sin i k\u0107erka zaposleni su u na\u0161oj porodi\u010dnoj firmi. \u017divim u Olovu, naselju Olovske Luke, na imanju pored fabrike &#8220;Alma-Ras&#8221;.<\/p>\n<p>Zavr\u0161io sam srednju \u0161kolu u\u010denika u privredi za kroja\u010da i molera, nakon toga i peti stepen za VK kroja\u010da. Bio sam zaposlen u &#8220;OLA&#8221; Olovo kao vo\u0111a smjene u proizvodnji i u komunalnom preduze\u0107u u Olovu kao rukovodilac magacinskog prostora. Jedno vrijeme radio sam u firmi &#8220;Alhos&#8221; u Sarajevu. Tako\u0111er, imao sam registrovanu privatnu molersku firmu neposredno prije agresije na BIH. Za cijelo vrijeme rata bio sam prisutan u Olovu, a od toga devetnaest mjeseci pripadnik Oru\u017eanih snaga Armije Republike Bosne i Hercegovine, a ostatak u radnoj obavezi. Po zavr\u0161etku rata osnovao sam firmu u Olovu pod nazivom \u201eALMA RAS\u201c. Po\u010deo sam sa radom u svojoj porodi\u010dnoj ku\u0107i u Olovu, sa sedam radnika, da bi danas firma \u201eALMA RAS\u201c imala blizu 600 uposlenika. \u201eALMA RAS\u201c je izrastao u veoma respektabilnu i uspje\u0161nu kompaniju, te izgradio i svoj doma\u0107i brend \u201eALMA RAS\u201c koji je u 2010. godini dobio priznanje \u201eSUPERBRANDS\u201c BiH kao jedan od najja\u010dih bosanskohercegova\u010dkih brendova po kojem se i Olovo itekako mo\u017ee prepoznati. Pored centralne firme u Olovskim Lukama, proizvodne pogone imamo u Srebrenici, Vare\u0161u i Carevoj \u0106upriji, kao i osamnaest prodajnih mjesta &#8211; butika \u0161irom Bosne i Hercegovine (Sarajevo, Tuzla, Zenica, Mostar, Biha\u0107, Banja Luka), kao i izvan Bosne i Hercegovine u Dubrovniku, Zagrebu, Pri\u0161tini i Podgorici. U sve gore navedeno ulo\u017eili smo preko 20 (dvadeset) miliona KM. U toku poslovanja kompanije \u201eALMA RAS\u201c, dobio sam mnoga priznanja za uspje\u0161no rukovo\u0111enje istom, od kojih su najpoznatija \u201eMenad\u017eer godine\u201c, \u201eGrand genije\u201c, \u201eMenad\u017eer decenije\u201c, kao i mnoge druge zahvalnice i priznanja na poslovnom i humanitarnom planu.<\/p>\n<p>Na Lokalnim izborima 07.10.2012. izabran sam za na\u010delnika Op\u0107ine Olovo.<\/p>\n<\/div><\/div><\/div><\/div>[\/vc_column][\/vc_row]<\/p>\n","protected":false},"excerpt":{"rendered":"<p>[vc_row][vc_column][vc_single_image image=&#8221;414&#8243; img_size=&#8221;medium&#8221; alignment=&#8221;center&#8221; style=&#8221;vc_box_rounded&#8221;][\/vc_column][\/vc_row]<\/p>\n","protected":false},"author":1,"featured_media":0,"parent":0,"menu_order":0,"comment_status":"closed","ping_status":"closed","template":"","meta":[],"_links":{"self":[{"href":"https:\/\/olovo.gov.ba\/index.php?rest_route=\/wp\/v2\/pages\/410"}],"collection":[{"href":"https:\/\/olovo.gov.ba\/index.php?rest_route=\/wp\/v2\/pages"}],"about":[{"href":"https:\/\/olovo.gov.ba\/index.php?rest_route=\/wp\/v2\/types\/page"}],"author":[{"embeddable":true,"href":"https:\/\/olovo.gov.ba\/index.php?rest_route=\/wp\/v2\/users\/1"}],"replies":[{"embeddable":true,"href":"https:\/\/olovo.gov.ba\/index.php?rest_route=%2Fwp%2Fv2%2Fcomments&post=410"}],"version-history":[{"count":9,"href":"https:\/\/olovo.gov.ba\/index.php?rest_route=\/wp\/v2\/pages\/410\/revisions"}],"predecessor-version":[{"id":559,"href":"https:\/\/olovo.gov.ba\/index.php?rest_route=\/wp\/v2\/pages\/410\/revisions\/559"}],"wp:attachment":[{"href":"https:\/\/olovo.gov.ba\/index.php?rest_route=%2Fwp%2Fv2%2Fmedia&parent=410"}],"curies":[{"name":"wp","href":"https:\/\/api.w.org\/{rel}","templated":true}]}}

Općinski načelnik

<p>[vc_row][vc_column][vc_single_image image=&#8221;414&#8243; img_size=&#8221;medium&#8221; alignment=&#8221;center&#8221; style=&#8221;vc_box_rounded&#8221;]<div class="c-team-member"><div class="c-content-box"><div class="team-member-inner"><h3 class="member-name">Đemal Memagić</h3><h4 class="member-role">Načelnik</h4><div class="member-description"><p>Rođen sam 02.09.1955.godine u mjestu Memagića Stijena, općina Olovo, sin Rasima i Esme Memagić rođene, Degirmendžić. Oženjen sam, otac sam dvoje djece (sina Rasima i kćerke Sedine), od kojih imam dvije unuke, jednu od sina, a drugu od kćerke. Osnivač sam i vlasnik firme &#8220;Alma-Ras&#8221; d.o.o. Olovo. Supruga, sin i kćerka zaposleni su u našoj porodičnoj firmi. Živim u Olovu, naselju Olovske Luke, na imanju pored fabrike &#8220;Alma-Ras&#8221;.</p>
<p>Završio sam srednju školu učenika u privredi za krojača i molera, nakon toga i peti stepen za VK krojača. Bio sam zaposlen u &#8220;OLA&#8221; Olovo kao vođa smjene u proizvodnji i u komunalnom preduzeću u Olovu kao rukovodilac magacinskog prostora. Jedno vrijeme radio sam u firmi &#8220;Alhos&#8221; u Sarajevu. Također, imao sam registrovanu privatnu molersku firmu neposredno prije agresije na BIH. Za cijelo vrijeme rata bio sam prisutan u Olovu, a od toga devetnaest mjeseci pripadnik Oružanih snaga Armije Republike Bosne i Hercegovine, a ostatak u radnoj obavezi. Po završetku rata osnovao sam firmu u Olovu pod nazivom „ALMA RAS“. Počeo sam sa radom u svojoj porodičnoj kući u Olovu, sa sedam radnika, da bi danas firma „ALMA RAS“ imala blizu 600 uposlenika. „ALMA RAS“ je izrastao u veoma respektabilnu i uspješnu kompaniju, te izgradio i svoj domaći brend „ALMA RAS“ koji je u 2010. godini dobio priznanje „SUPERBRANDS“ BiH kao jedan od najjačih bosanskohercegovačkih brendova po kojem se i Olovo itekako može prepoznati. Pored centralne firme u Olovskim Lukama, proizvodne pogone imamo u Srebrenici, Varešu i Carevoj Ćupriji, kao i osamnaest prodajnih mjesta &#8211; butika širom Bosne i Hercegovine (Sarajevo, Tuzla, Zenica, Mostar, Bihać, Banja Luka), kao i izvan Bosne i Hercegovine u Dubrovniku, Zagrebu, Prištini i Podgorici. U sve gore navedeno uložili smo preko 20 (dvadeset) miliona KM. U toku poslovanja kompanije „ALMA RAS“, dobio sam mnoga priznanja za uspješno rukovođenje istom, od kojih su najpoznatija „Menadžer godine“, „Grand genije“, „Menadžer decenije“, kao i mnoge druge zahvalnice i priznanja na poslovnom i humanitarnom planu.</p>
<p>Na Lokalnim izborima 07.10.2012. izabran sam za načelnika Općine Olovo.</p>
</div></div></div></div>[/vc_column][/vc_row]</p>
